{"id":611,"date":"2023-10-04T09:04:23","date_gmt":"2023-10-04T07:04:23","guid":{"rendered":"https:\/\/bohaterowiewiekow.com\/?page_id=611"},"modified":"2023-10-04T09:27:04","modified_gmt":"2023-10-04T07:27:04","slug":"bohaterki-wiekow-maria-konopnicka","status":"publish","type":"page","link":"https:\/\/bohaterowiewiekow.com\/index.php\/bohaterki-wiekow-maria-konopnicka\/","title":{"rendered":"Bohaterki wiekow &#8211; Maria Konopnicka"},"content":{"rendered":"\t\t<div data-elementor-type=\"wp-page\" data-elementor-id=\"611\" class=\"elementor elementor-611\">\n\t\t\t\t\t\t\t\t\t<header class=\"elementor-section elementor-top-section elementor-element elementor-element-5188d010 elementor-section-boxed elementor-section-height-default elementor-section-height-default\" data-id=\"5188d010\" data-element_type=\"section\" data-settings=\"{&quot;background_background&quot;:&quot;classic&quot;,&quot;shape_divider_bottom&quot;:&quot;pyramids&quot;}\">\n\t\t\t\t\t\t\t<div class=\"elementor-background-overlay\"><\/div>\n\t\t\t\t\t\t<div class=\"elementor-shape elementor-shape-bottom\" data-negative=\"false\">\n\t\t\t<svg xmlns=\"http:\/\/www.w3.org\/2000\/svg\" viewBox=\"0 0 1000 100\" preserveAspectRatio=\"none\">\n\t<path class=\"elementor-shape-fill\" d=\"M761.9,44.1L643.1,27.2L333.8,98L0,3.8V0l1000,0v3.9\"\/>\n<\/svg>\t\t<\/div>\n\t\t\t\t\t<div class=\"elementor-container elementor-column-gap-default\">\n\t\t\t\t\t<div class=\"elementor-column elementor-col-100 elementor-top-column elementor-element elementor-element-20dc91e7\" data-id=\"20dc91e7\" data-element_type=\"column\">\n\t\t\t<div class=\"elementor-widget-wrap elementor-element-populated\">\n\t\t\t\t\t\t\t\t<div class=\"elementor-element elementor-element-7c9eaee0 elementor-invisible elementor-widget elementor-widget-heading\" data-id=\"7c9eaee0\" data-element_type=\"widget\" data-settings=\"{&quot;_animation&quot;:&quot;fadeIn&quot;}\" data-widget_type=\"heading.default\">\n\t\t\t\t<div class=\"elementor-widget-container\">\n\t\t\t<style>\/*! elementor - v3.13.1 - 09-05-2023 *\/\n.elementor-heading-title{padding:0;margin:0;line-height:1}.elementor-widget-heading .elementor-heading-title[class*=elementor-size-]>a{color:inherit;font-size:inherit;line-height:inherit}.elementor-widget-heading .elementor-heading-title.elementor-size-small{font-size:15px}.elementor-widget-heading .elementor-heading-title.elementor-size-medium{font-size:19px}.elementor-widget-heading .elementor-heading-title.elementor-size-large{font-size:29px}.elementor-widget-heading .elementor-heading-title.elementor-size-xl{font-size:39px}.elementor-widget-heading .elementor-heading-title.elementor-size-xxl{font-size:59px}<\/style><h1 class=\"elementor-heading-title elementor-size-default\">karty postaci<\/h1>\t\t<\/div>\n\t\t\t\t<\/div>\n\t\t\t\t\t<\/div>\n\t\t<\/div>\n\t\t\t\t\t\t\t<\/div>\n\t\t<\/header>\n\t\t\t\t<section class=\"elementor-section elementor-top-section elementor-element elementor-element-160c667 elementor-section-boxed elementor-section-height-default elementor-section-height-default\" data-id=\"160c667\" data-element_type=\"section\">\n\t\t\t\t\t\t<div class=\"elementor-container elementor-column-gap-default\">\n\t\t\t\t\t<div class=\"elementor-column elementor-col-25 elementor-top-column elementor-element elementor-element-3eb460e4\" data-id=\"3eb460e4\" data-element_type=\"column\">\n\t\t\t<div class=\"elementor-widget-wrap elementor-element-populated\">\n\t\t\t\t\t\t\t\t<div class=\"elementor-element elementor-element-2d2a9bb8 elementor-widget elementor-widget-button\" data-id=\"2d2a9bb8\" data-element_type=\"widget\" data-widget_type=\"button.default\">\n\t\t\t\t<div class=\"elementor-widget-container\">\n\t\t\t\t\t<div class=\"elementor-button-wrapper\">\n\t\t\t<a href=\"https:\/\/bohaterowiewiekow.com\/index.php\/bohaterowie-wykleci\/\" class=\"elementor-button-link elementor-button elementor-size-sm elementor-animation-shrink\" role=\"button\">\n\t\t\t\t\t\t<span class=\"elementor-button-content-wrapper\">\n\t\t\t\t\t\t<span class=\"elementor-button-text\">WR\u00d3\u0106<\/span>\n\t\t<\/span>\n\t\t\t\t\t<\/a>\n\t\t<\/div>\n\t\t\t\t<\/div>\n\t\t\t\t<\/div>\n\t\t\t\t\t<\/div>\n\t\t<\/div>\n\t\t\t\t<div class=\"elementor-column elementor-col-50 elementor-top-column elementor-element elementor-element-79911058\" data-id=\"79911058\" data-element_type=\"column\">\n\t\t\t<div class=\"elementor-widget-wrap\">\n\t\t\t\t\t\t\t\t\t<\/div>\n\t\t<\/div>\n\t\t\t\t<div class=\"elementor-column elementor-col-25 elementor-top-column elementor-element elementor-element-43e34ecb\" data-id=\"43e34ecb\" data-element_type=\"column\">\n\t\t\t<div class=\"elementor-widget-wrap\">\n\t\t\t\t\t\t\t\t\t<\/div>\n\t\t<\/div>\n\t\t\t\t\t\t\t<\/div>\n\t\t<\/section>\n\t\t\t\t<section class=\"elementor-section elementor-top-section elementor-element elementor-element-4468cbc6 elementor-section-boxed elementor-section-height-default elementor-section-height-default\" data-id=\"4468cbc6\" data-element_type=\"section\">\n\t\t\t\t\t\t<div class=\"elementor-container elementor-column-gap-default\">\n\t\t\t\t\t<div class=\"elementor-column elementor-col-50 elementor-top-column elementor-element elementor-element-785af2f5\" data-id=\"785af2f5\" data-element_type=\"column\">\n\t\t\t<div class=\"elementor-widget-wrap elementor-element-populated\">\n\t\t\t\t\t\t\t\t<div class=\"elementor-element elementor-element-51f3adea elementor-invisible elementor-widget elementor-widget-image\" data-id=\"51f3adea\" data-element_type=\"widget\" data-settings=\"{&quot;_animation&quot;:&quot;fadeInLeft&quot;}\" data-widget_type=\"image.default\">\n\t\t\t\t<div class=\"elementor-widget-container\">\n\t\t\t<style>\/*! elementor - v3.13.1 - 09-05-2023 *\/\n.elementor-widget-image{text-align:center}.elementor-widget-image a{display:inline-block}.elementor-widget-image a img[src$=\".svg\"]{width:48px}.elementor-widget-image img{vertical-align:middle;display:inline-block}<\/style>\t\t\t\t\t\t\t\t\t\t\t\t<img decoding=\"async\" width=\"233\" height=\"267\" src=\"https:\/\/bohaterowiewiekow.com\/wp-content\/uploads\/2023\/10\/Totalizator-logo-1.png\" class=\"attachment-large size-large wp-image-615\" alt=\"\" loading=\"lazy\" \/>\t\t\t\t\t\t\t\t\t\t\t\t\t\t\t<\/div>\n\t\t\t\t<\/div>\n\t\t\t\t<div class=\"elementor-element elementor-element-30c9b62a elementor-invisible elementor-widget elementor-widget-text-editor\" data-id=\"30c9b62a\" data-element_type=\"widget\" data-settings=\"{&quot;_animation&quot;:&quot;fadeInUp&quot;}\" data-widget_type=\"text-editor.default\">\n\t\t\t\t<div class=\"elementor-widget-container\">\n\t\t\t<style>\/*! elementor - v3.13.1 - 09-05-2023 *\/\n.elementor-widget-text-editor.elementor-drop-cap-view-stacked .elementor-drop-cap{background-color:#69727d;color:#fff}.elementor-widget-text-editor.elementor-drop-cap-view-framed .elementor-drop-cap{color:#69727d;border:3px solid;background-color:transparent}.elementor-widget-text-editor:not(.elementor-drop-cap-view-default) .elementor-drop-cap{margin-top:8px}.elementor-widget-text-editor:not(.elementor-drop-cap-view-default) .elementor-drop-cap-letter{width:1em;height:1em}.elementor-widget-text-editor .elementor-drop-cap{float:left;text-align:center;line-height:1;font-size:50px}.elementor-widget-text-editor .elementor-drop-cap-letter{display:inline-block}<\/style>\t\t\t\t<p>Projekt finansowany ze \u015brodk\u00f3w Fundacji Totalizatora Sportowego<\/p><p>\u00a0<\/p>\t\t\t\t\t\t<\/div>\n\t\t\t\t<\/div>\n\t\t\t\t\t<\/div>\n\t\t<\/div>\n\t\t\t\t<div class=\"elementor-column elementor-col-50 elementor-top-column elementor-element elementor-element-456ec236\" data-id=\"456ec236\" data-element_type=\"column\">\n\t\t\t<div class=\"elementor-widget-wrap elementor-element-populated\">\n\t\t\t\t\t\t\t\t<div class=\"elementor-element elementor-element-2c9dacbc elementor-invisible elementor-widget elementor-widget-image\" data-id=\"2c9dacbc\" data-element_type=\"widget\" data-settings=\"{&quot;_animation&quot;:&quot;fadeInRight&quot;}\" data-widget_type=\"image.default\">\n\t\t\t\t<div class=\"elementor-widget-container\">\n\t\t\t\t\t\t\t\t\t\t\t\t\t\t\t<img decoding=\"async\" width=\"798\" height=\"241\" src=\"https:\/\/bohaterowiewiekow.com\/wp-content\/uploads\/2023\/06\/Fundacja-Fylion-logo-e1589192617559.png\" class=\"attachment-large size-large wp-image-435\" alt=\"\" loading=\"lazy\" srcset=\"https:\/\/bohaterowiewiekow.com\/wp-content\/uploads\/2023\/06\/Fundacja-Fylion-logo-e1589192617559.png 798w, https:\/\/bohaterowiewiekow.com\/wp-content\/uploads\/2023\/06\/Fundacja-Fylion-logo-e1589192617559-300x91.png 300w, https:\/\/bohaterowiewiekow.com\/wp-content\/uploads\/2023\/06\/Fundacja-Fylion-logo-e1589192617559-768x232.png 768w\" sizes=\"(max-width: 798px) 100vw, 798px\" \/>\t\t\t\t\t\t\t\t\t\t\t\t\t\t\t<\/div>\n\t\t\t\t<\/div>\n\t\t\t\t<div class=\"elementor-element elementor-element-a7338ad elementor-invisible elementor-widget elementor-widget-text-editor\" data-id=\"a7338ad\" data-element_type=\"widget\" data-settings=\"{&quot;_animation&quot;:&quot;fadeInUp&quot;}\" data-widget_type=\"text-editor.default\">\n\t\t\t\t<div class=\"elementor-widget-container\">\n\t\t\t\t\t\t\t<p>Realizator projektu<\/p>\t\t\t\t\t\t<\/div>\n\t\t\t\t<\/div>\n\t\t\t\t\t<\/div>\n\t\t<\/div>\n\t\t\t\t\t\t\t<\/div>\n\t\t<\/section>\n\t\t\t\t<section class=\"elementor-section elementor-top-section elementor-element elementor-element-75176b48 elementor-section-boxed elementor-section-height-default elementor-section-height-default\" data-id=\"75176b48\" data-element_type=\"section\">\n\t\t\t\t\t\t<div class=\"elementor-container elementor-column-gap-default\">\n\t\t\t\t\t<div class=\"elementor-column elementor-col-100 elementor-top-column elementor-element elementor-element-1a629237\" data-id=\"1a629237\" data-element_type=\"column\">\n\t\t\t<div class=\"elementor-widget-wrap elementor-element-populated\">\n\t\t\t\t\t\t\t\t<div class=\"elementor-element elementor-element-57ca04b6 elementor-widget elementor-widget-text-editor\" data-id=\"57ca04b6\" data-element_type=\"widget\" data-widget_type=\"text-editor.default\">\n\t\t\t\t<div class=\"elementor-widget-container\">\n\t\t\t\t\t\t\t\t\t\t\t\t\t<\/div>\n\t\t\t\t<\/div>\n\t\t\t\t\t<\/div>\n\t\t<\/div>\n\t\t\t\t\t\t\t<\/div>\n\t\t<\/section>\n\t\t\t\t<section class=\"elementor-section elementor-top-section elementor-element elementor-element-25c2b434 elementor-section-boxed elementor-section-height-default elementor-section-height-default elementor-invisible\" data-id=\"25c2b434\" data-element_type=\"section\" data-settings=\"{&quot;animation&quot;:&quot;fadeIn&quot;}\">\n\t\t\t\t\t\t<div class=\"elementor-container elementor-column-gap-default\">\n\t\t\t\t\t<div class=\"elementor-column elementor-col-25 elementor-top-column elementor-element elementor-element-4d3e5eb6\" data-id=\"4d3e5eb6\" data-element_type=\"column\">\n\t\t\t<div class=\"elementor-widget-wrap elementor-element-populated\">\n\t\t\t\t\t\t\t\t<div class=\"elementor-element elementor-element-58293bd5 elementor-widget elementor-widget-image\" data-id=\"58293bd5\" data-element_type=\"widget\" data-widget_type=\"image.default\">\n\t\t\t\t<div class=\"elementor-widget-container\">\n\t\t\t\t\t\t\t\t\t\t\t\t\t\t\t<img decoding=\"async\" width=\"1024\" height=\"336\" src=\"https:\/\/bohaterowiewiekow.com\/wp-content\/uploads\/2023\/06\/rdnns_poziom-1024x336.png\" class=\"attachment-large size-large wp-image-440\" alt=\"\" loading=\"lazy\" srcset=\"https:\/\/bohaterowiewiekow.com\/wp-content\/uploads\/2023\/06\/rdnns_poziom-1024x336.png 1024w, https:\/\/bohaterowiewiekow.com\/wp-content\/uploads\/2023\/06\/rdnns_poziom-300x98.png 300w, https:\/\/bohaterowiewiekow.com\/wp-content\/uploads\/2023\/06\/rdnns_poziom-768x252.png 768w, https:\/\/bohaterowiewiekow.com\/wp-content\/uploads\/2023\/06\/rdnns_poziom-1536x504.png 1536w, https:\/\/bohaterowiewiekow.com\/wp-content\/uploads\/2023\/06\/rdnns_poziom-2048x672.png 2048w\" sizes=\"(max-width: 1024px) 100vw, 1024px\" \/>\t\t\t\t\t\t\t\t\t\t\t\t\t\t\t<\/div>\n\t\t\t\t<\/div>\n\t\t\t\t\t<\/div>\n\t\t<\/div>\n\t\t\t\t<div class=\"elementor-column elementor-col-25 elementor-top-column elementor-element elementor-element-717dc444\" data-id=\"717dc444\" data-element_type=\"column\">\n\t\t\t<div class=\"elementor-widget-wrap elementor-element-populated\">\n\t\t\t\t\t\t\t\t<div class=\"elementor-element elementor-element-571a14b2 elementor-widget elementor-widget-image\" data-id=\"571a14b2\" data-element_type=\"widget\" data-widget_type=\"image.default\">\n\t\t\t\t<div class=\"elementor-widget-container\">\n\t\t\t\t\t\t\t\t\t\t\t\t\t\t\t<img decoding=\"async\" width=\"1024\" height=\"241\" src=\"https:\/\/bohaterowiewiekow.com\/wp-content\/uploads\/2023\/06\/Sadeczanin-JPG-1024x241.jpg\" class=\"attachment-large size-large wp-image-462\" alt=\"\" loading=\"lazy\" srcset=\"https:\/\/bohaterowiewiekow.com\/wp-content\/uploads\/2023\/06\/Sadeczanin-JPG-1024x241.jpg 1024w, https:\/\/bohaterowiewiekow.com\/wp-content\/uploads\/2023\/06\/Sadeczanin-JPG-300x71.jpg 300w, https:\/\/bohaterowiewiekow.com\/wp-content\/uploads\/2023\/06\/Sadeczanin-JPG-768x181.jpg 768w, https:\/\/bohaterowiewiekow.com\/wp-content\/uploads\/2023\/06\/Sadeczanin-JPG-1536x362.jpg 1536w, https:\/\/bohaterowiewiekow.com\/wp-content\/uploads\/2023\/06\/Sadeczanin-JPG.jpg 1773w\" sizes=\"(max-width: 1024px) 100vw, 1024px\" \/>\t\t\t\t\t\t\t\t\t\t\t\t\t\t\t<\/div>\n\t\t\t\t<\/div>\n\t\t\t\t\t<\/div>\n\t\t<\/div>\n\t\t\t\t<div class=\"elementor-column elementor-col-25 elementor-top-column elementor-element elementor-element-687de974\" data-id=\"687de974\" data-element_type=\"column\">\n\t\t\t<div class=\"elementor-widget-wrap elementor-element-populated\">\n\t\t\t\t\t\t\t\t<div class=\"elementor-element elementor-element-2d530eaf elementor-widget elementor-widget-image\" data-id=\"2d530eaf\" data-element_type=\"widget\" data-widget_type=\"image.default\">\n\t\t\t\t<div class=\"elementor-widget-container\">\n\t\t\t\t\t\t\t\t\t\t\t\t\t\t\t<img decoding=\"async\" width=\"150\" height=\"150\" src=\"https:\/\/bohaterowiewiekow.com\/wp-content\/uploads\/2023\/06\/Glos-24-logo-150x150.png\" class=\"attachment-thumbnail size-thumbnail wp-image-437\" alt=\"\" loading=\"lazy\" srcset=\"https:\/\/bohaterowiewiekow.com\/wp-content\/uploads\/2023\/06\/Glos-24-logo-150x150.png 150w, https:\/\/bohaterowiewiekow.com\/wp-content\/uploads\/2023\/06\/Glos-24-logo-300x300.png 300w, https:\/\/bohaterowiewiekow.com\/wp-content\/uploads\/2023\/06\/Glos-24-logo.png 360w\" sizes=\"(max-width: 150px) 100vw, 150px\" \/>\t\t\t\t\t\t\t\t\t\t\t\t\t\t\t<\/div>\n\t\t\t\t<\/div>\n\t\t\t\t\t<\/div>\n\t\t<\/div>\n\t\t\t\t<div class=\"elementor-column elementor-col-25 elementor-top-column elementor-element elementor-element-e80ca9d\" data-id=\"e80ca9d\" data-element_type=\"column\">\n\t\t\t<div class=\"elementor-widget-wrap elementor-element-populated\">\n\t\t\t\t\t\t\t\t<div class=\"elementor-element elementor-element-6cacc1f8 elementor-widget elementor-widget-image\" data-id=\"6cacc1f8\" data-element_type=\"widget\" data-widget_type=\"image.default\">\n\t\t\t\t<div class=\"elementor-widget-container\">\n\t\t\t\t\t\t\t\t\t\t\t\t\t\t\t<img decoding=\"async\" width=\"534\" height=\"163\" src=\"https:\/\/bohaterowiewiekow.com\/wp-content\/uploads\/2023\/06\/starosadeckie-info-patronat-medialny.png\" class=\"attachment-large size-large wp-image-442\" alt=\"\" loading=\"lazy\" srcset=\"https:\/\/bohaterowiewiekow.com\/wp-content\/uploads\/2023\/06\/starosadeckie-info-patronat-medialny.png 534w, https:\/\/bohaterowiewiekow.com\/wp-content\/uploads\/2023\/06\/starosadeckie-info-patronat-medialny-300x92.png 300w\" sizes=\"(max-width: 534px) 100vw, 534px\" \/>\t\t\t\t\t\t\t\t\t\t\t\t\t\t\t<\/div>\n\t\t\t\t<\/div>\n\t\t\t\t\t<\/div>\n\t\t<\/div>\n\t\t\t\t\t\t\t<\/div>\n\t\t<\/section>\n\t\t\t\t<section class=\"elementor-section elementor-top-section elementor-element elementor-element-13c5bab1 elementor-section-boxed elementor-section-height-default elementor-section-height-default\" data-id=\"13c5bab1\" data-element_type=\"section\">\n\t\t\t\t\t\t<div class=\"elementor-container elementor-column-gap-default\">\n\t\t\t\t\t<div class=\"elementor-column elementor-col-100 elementor-top-column elementor-element elementor-element-73e4ce58\" data-id=\"73e4ce58\" data-element_type=\"column\">\n\t\t\t<div class=\"elementor-widget-wrap elementor-element-populated\">\n\t\t\t\t\t\t\t\t<div class=\"elementor-element elementor-element-8aaa6d9 elementor-widget elementor-widget-text-editor\" data-id=\"8aaa6d9\" data-element_type=\"widget\" data-widget_type=\"text-editor.default\">\n\t\t\t\t<div class=\"elementor-widget-container\">\n\t\t\t\t\t\t\t<p>Patroni medialni<\/p>\t\t\t\t\t\t<\/div>\n\t\t\t\t<\/div>\n\t\t\t\t\t<\/div>\n\t\t<\/div>\n\t\t\t\t\t\t\t<\/div>\n\t\t<\/section>\n\t\t\t\t<section class=\"elementor-section elementor-top-section elementor-element elementor-element-7713066b elementor-section-height-min-height elementor-section-boxed elementor-section-height-default elementor-section-items-middle\" data-id=\"7713066b\" data-element_type=\"section\" data-settings=\"{&quot;background_background&quot;:&quot;classic&quot;,&quot;shape_divider_top&quot;:&quot;pyramids&quot;}\">\n\t\t\t\t\t\t\t<div class=\"elementor-background-overlay\"><\/div>\n\t\t\t\t\t\t<div class=\"elementor-shape elementor-shape-top\" data-negative=\"false\">\n\t\t\t<svg xmlns=\"http:\/\/www.w3.org\/2000\/svg\" viewBox=\"0 0 1000 100\" preserveAspectRatio=\"none\">\n\t<path class=\"elementor-shape-fill\" d=\"M761.9,44.1L643.1,27.2L333.8,98L0,3.8V0l1000,0v3.9\"\/>\n<\/svg>\t\t<\/div>\n\t\t\t\t\t<div class=\"elementor-container elementor-column-gap-default\">\n\t\t\t\t\t<div class=\"elementor-column elementor-col-100 elementor-top-column elementor-element elementor-element-f9dff92\" data-id=\"f9dff92\" data-element_type=\"column\">\n\t\t\t<div class=\"elementor-widget-wrap\">\n\t\t\t\t\t\t\t\t\t<\/div>\n\t\t<\/div>\n\t\t\t\t\t\t\t<\/div>\n\t\t<\/section>\n\t\t\t\t\t\t\t<\/div>\n\t\t","protected":false},"excerpt":{"rendered":"<p>karty postaci WR\u00d3\u0106 Projekt finansowany ze \u015brodk\u00f3w Fundacji Totalizatora Sportowego \u00a0 Realizator projektu Patroni medialni<\/p>\n","protected":false},"author":1,"featured_media":0,"parent":0,"menu_order":0,"comment_status":"closed","ping_status":"closed","template":"","meta":{"_mi_skip_tracking":false},"yoast_head":"<!-- This site is optimized with the Yoast SEO plugin v20.7 - https:\/\/yoast.com\/wordpress\/plugins\/seo\/ -->\n<title>Bohaterki wiekow - Maria Konopnicka - Bohaterowie wiekow<\/title>\n<meta name=\"robots\" content=\"index, follow, max-snippet:-1, max-image-preview:large, max-video-preview:-1\" \/>\n<link rel=\"canonical\" href=\"https:\/\/bohaterowiewiekow.com\/index.php\/bohaterki-wiekow-maria-konopnicka\/\" \/>\n<meta property=\"og:locale\" content=\"pl_PL\" \/>\n<meta property=\"og:type\" content=\"article\" \/>\n<meta property=\"og:title\" content=\"Bohaterki wiekow - Maria Konopnicka - Bohaterowie wiekow\" \/>\n<meta property=\"og:description\" content=\"karty postaci WR\u00d3\u0106 Projekt finansowany ze \u015brodk\u00f3w Fundacji Totalizatora Sportowego \u00a0 Realizator projektu Patroni medialni\" \/>\n<meta property=\"og:url\" content=\"https:\/\/bohaterowiewiekow.com\/index.php\/bohaterki-wiekow-maria-konopnicka\/\" \/>\n<meta property=\"og:site_name\" content=\"Bohaterowie wiekow\" \/>\n<meta property=\"article:modified_time\" content=\"2023-10-04T07:27:04+00:00\" \/>\n<meta property=\"og:image\" content=\"https:\/\/bohaterowiewiekow.com\/wp-content\/uploads\/2023\/10\/Totalizator-logo-1.png\" \/>\n<meta name=\"twitter:card\" content=\"summary_large_image\" \/>\n<meta name=\"twitter:label1\" content=\"Szacowany czas czytania\" \/>\n\t<meta name=\"twitter:data1\" content=\"2 minuty\" \/>\n<script type=\"application\/ld+json\" class=\"yoast-schema-graph\">{\"@context\":\"https:\/\/schema.org\",\"@graph\":[{\"@type\":\"WebPage\",\"@id\":\"https:\/\/bohaterowiewiekow.com\/index.php\/bohaterki-wiekow-maria-konopnicka\/\",\"url\":\"https:\/\/bohaterowiewiekow.com\/index.php\/bohaterki-wiekow-maria-konopnicka\/\",\"name\":\"Bohaterki wiekow - Maria Konopnicka - Bohaterowie wiekow\",\"isPartOf\":{\"@id\":\"https:\/\/bohaterowiewiekow.com\/#website\"},\"datePublished\":\"2023-10-04T07:04:23+00:00\",\"dateModified\":\"2023-10-04T07:27:04+00:00\",\"breadcrumb\":{\"@id\":\"https:\/\/bohaterowiewiekow.com\/index.php\/bohaterki-wiekow-maria-konopnicka\/#breadcrumb\"},\"inLanguage\":\"pl-PL\",\"potentialAction\":[{\"@type\":\"ReadAction\",\"target\":[\"https:\/\/bohaterowiewiekow.com\/index.php\/bohaterki-wiekow-maria-konopnicka\/\"]}]},{\"@type\":\"BreadcrumbList\",\"@id\":\"https:\/\/bohaterowiewiekow.com\/index.php\/bohaterki-wiekow-maria-konopnicka\/#breadcrumb\",\"itemListElement\":[{\"@type\":\"ListItem\",\"position\":1,\"name\":\"Strona g\u0142\u00f3wna\",\"item\":\"https:\/\/bohaterowiewiekow.com\/\"},{\"@type\":\"ListItem\",\"position\":2,\"name\":\"Bohaterki wiekow &#8211; Maria Konopnicka\"}]},{\"@type\":\"WebSite\",\"@id\":\"https:\/\/bohaterowiewiekow.com\/#website\",\"url\":\"https:\/\/bohaterowiewiekow.com\/\",\"name\":\"Bohaterowie wiekow\",\"description\":\"Strona o Bohaterach wykl\u0119tych\",\"potentialAction\":[{\"@type\":\"SearchAction\",\"target\":{\"@type\":\"EntryPoint\",\"urlTemplate\":\"https:\/\/bohaterowiewiekow.com\/?s={search_term_string}\"},\"query-input\":\"required name=search_term_string\"}],\"inLanguage\":\"pl-PL\"}]}<\/script>\n<!-- \/ Yoast SEO plugin. -->","yoast_head_json":{"title":"Bohaterki wiekow - Maria Konopnicka - Bohaterowie wiekow","robots":{"index":"index","follow":"follow","max-snippet":"max-snippet:-1","max-image-preview":"max-image-preview:large","max-video-preview":"max-video-preview:-1"},"canonical":"https:\/\/bohaterowiewiekow.com\/index.php\/bohaterki-wiekow-maria-konopnicka\/","og_locale":"pl_PL","og_type":"article","og_title":"Bohaterki wiekow - Maria Konopnicka - Bohaterowie wiekow","og_description":"karty postaci WR\u00d3\u0106 Projekt finansowany ze \u015brodk\u00f3w Fundacji Totalizatora Sportowego \u00a0 Realizator projektu Patroni medialni","og_url":"https:\/\/bohaterowiewiekow.com\/index.php\/bohaterki-wiekow-maria-konopnicka\/","og_site_name":"Bohaterowie wiekow","article_modified_time":"2023-10-04T07:27:04+00:00","og_image":[{"url":"https:\/\/bohaterowiewiekow.com\/wp-content\/uploads\/2023\/10\/Totalizator-logo-1.png"}],"twitter_card":"summary_large_image","twitter_misc":{"Szacowany czas czytania":"2 minuty"},"schema":{"@context":"https:\/\/schema.org","@graph":[{"@type":"WebPage","@id":"https:\/\/bohaterowiewiekow.com\/index.php\/bohaterki-wiekow-maria-konopnicka\/","url":"https:\/\/bohaterowiewiekow.com\/index.php\/bohaterki-wiekow-maria-konopnicka\/","name":"Bohaterki wiekow - Maria Konopnicka - Bohaterowie wiekow","isPartOf":{"@id":"https:\/\/bohaterowiewiekow.com\/#website"},"datePublished":"2023-10-04T07:04:23+00:00","dateModified":"2023-10-04T07:27:04+00:00","breadcrumb":{"@id":"https:\/\/bohaterowiewiekow.com\/index.php\/bohaterki-wiekow-maria-konopnicka\/#breadcrumb"},"inLanguage":"pl-PL","potentialAction":[{"@type":"ReadAction","target":["https:\/\/bohaterowiewiekow.com\/index.php\/bohaterki-wiekow-maria-konopnicka\/"]}]},{"@type":"BreadcrumbList","@id":"https:\/\/bohaterowiewiekow.com\/index.php\/bohaterki-wiekow-maria-konopnicka\/#breadcrumb","itemListElement":[{"@type":"ListItem","position":1,"name":"Strona g\u0142\u00f3wna","item":"https:\/\/bohaterowiewiekow.com\/"},{"@type":"ListItem","position":2,"name":"Bohaterki wiekow &#8211; Maria Konopnicka"}]},{"@type":"WebSite","@id":"https:\/\/bohaterowiewiekow.com\/#website","url":"https:\/\/bohaterowiewiekow.com\/","name":"Bohaterowie wiekow","description":"Strona o Bohaterach wykl\u0119tych","potentialAction":[{"@type":"SearchAction","target":{"@type":"EntryPoint","urlTemplate":"https:\/\/bohaterowiewiekow.com\/?s={search_term_string}"},"query-input":"required name=search_term_string"}],"inLanguage":"pl-PL"}]}},"_links":{"self":[{"href":"https:\/\/bohaterowiewiekow.com\/index.php\/wp-json\/wp\/v2\/pages\/611"}],"collection":[{"href":"https:\/\/bohaterowiewiekow.com\/index.php\/wp-json\/wp\/v2\/pages"}],"about":[{"href":"https:\/\/bohaterowiewiekow.com\/index.php\/wp-json\/wp\/v2\/types\/page"}],"author":[{"embeddable":true,"href":"https:\/\/bohaterowiewiekow.com\/index.php\/wp-json\/wp\/v2\/users\/1"}],"replies":[{"embeddable":true,"href":"https:\/\/bohaterowiewiekow.com\/index.php\/wp-json\/wp\/v2\/comments?post=611"}],"version-history":[{"count":4,"href":"https:\/\/bohaterowiewiekow.com\/index.php\/wp-json\/wp\/v2\/pages\/611\/revisions"}],"predecessor-version":[{"id":618,"href":"https:\/\/bohaterowiewiekow.com\/index.php\/wp-json\/wp\/v2\/pages\/611\/revisions\/618"}],"wp:attachment":[{"href":"https:\/\/bohaterowiewiekow.com\/index.php\/wp-json\/wp\/v2\/media?parent=611"}],"curies":[{"name":"wp","href":"https:\/\/api.w.org\/{rel}","templated":true}]}}